{"id":2186,"date":"2025-02-07T13:41:16","date_gmt":"2025-02-07T13:41:16","guid":{"rendered":"https:\/\/www.seglarterrassa.org\/?page_id=2186"},"modified":"2026-04-01T10:40:57","modified_gmt":"2026-04-01T10:40:57","slug":"dast-pagina-principal","status":"publish","type":"page","link":"https:\/\/www.seglarterrassa.org\/","title":{"rendered":"DAST &#8211; p\u00e0gina principal"},"content":{"rendered":"\n<div class=\"wp-block-group alignfull is-layout-flow wp-block-group-is-layout-flow\">\n<div class=\"wp-block-group has-background is-content-justification-center is-layout-flex wp-container-core-group-is-layout-1be1f4df wp-block-group-is-layout-flex\" style=\"background-color:#781f1c;padding-right:var(--wp--preset--spacing--60);padding-left:var(--wp--preset--spacing--60)\"><nav style=\"background-color: #751d1d; font-style:normal;font-weight:700;\" class=\"has-text-color has-background-color has-background is-responsive items-justified-center wp-block-navigation is-horizontal is-content-justification-center is-layout-flex wp-container-core-navigation-is-layout-9ab43e47 wp-block-navigation-is-layout-flex\" aria-label=\"Navegaci\u00f3n 5\" \n\t\t data-wp-interactive=\"core\/navigation\" data-wp-context='{\"overlayOpenedBy\":{\"click\":false,\"hover\":false,\"focus\":false},\"type\":\"overlay\",\"roleAttribute\":\"\",\"ariaLabel\":\"Men\\u00fa\"}'><button aria-haspopup=\"dialog\" aria-label=\"Obre el men\u00fa\" class=\"wp-block-navigation__responsive-container-open\" \n\t\t\t\tdata-wp-on--click=\"actions.openMenuOnClick\"\n\t\t\t\tdata-wp-on--keydown=\"actions.handleMenuKeydown\"\n\t\t\t><svg width=\"24\" height=\"24\" xmlns=\"http:\/\/www.w3.org\/2000\/svg\" viewBox=\"0 0 24 24\"><path d=\"M5 5v1.5h14V5H5z\"><\/path><path d=\"M5 12.8h14v-1.5H5v1.5z\"><\/path><path d=\"M5 19h14v-1.5H5V19z\"><\/path><\/svg><\/button>\n\t\t\t\t<div class=\"wp-block-navigation__responsive-container  has-text-color has-background\" style=\"color: #751d1d;background-color: #751d1d\" id=\"modal-1\" \n\t\t\t\tdata-wp-class--has-modal-open=\"state.isMenuOpen\"\n\t\t\t\tdata-wp-class--is-menu-open=\"state.isMenuOpen\"\n\t\t\t\tdata-wp-watch=\"callbacks.initMenu\"\n\t\t\t\tdata-wp-on--keydown=\"actions.handleMenuKeydown\"\n\t\t\t\tdata-wp-on--focusout=\"actions.handleMenuFocusout\"\n\t\t\t\ttabindex=\"-1\"\n\t\t\t>\n\t\t\t\t\t<div class=\"wp-block-navigation__responsive-close\" tabindex=\"-1\">\n\t\t\t\t\t\t<div class=\"wp-block-navigation__responsive-dialog\" \n\t\t\t\tdata-wp-bind--aria-modal=\"state.ariaModal\"\n\t\t\t\tdata-wp-bind--aria-label=\"state.ariaLabel\"\n\t\t\t\tdata-wp-bind--role=\"state.roleAttribute\"\n\t\t\t>\n\t\t\t\t\t\t\t<button aria-label=\"Tanca el men\u00fa\" class=\"wp-block-navigation__responsive-container-close\" \n\t\t\t\tdata-wp-on--click=\"actions.closeMenuOnClick\"\n\t\t\t><svg xmlns=\"http:\/\/www.w3.org\/2000\/svg\" viewBox=\"0 0 24 24\" width=\"24\" height=\"24\" aria-hidden=\"true\" focusable=\"false\"><path d=\"m13.06 12 6.47-6.47-1.06-1.06L12 10.94 5.53 4.47 4.47 5.53 10.94 12l-6.47 6.47 1.06 1.06L12 13.06l6.47 6.47 1.06-1.06L13.06 12Z\"><\/path><\/svg><\/button>\n\t\t\t\t\t\t\t<div class=\"wp-block-navigation__responsive-container-content\" \n\t\t\t\tdata-wp-watch=\"callbacks.focusFirstElement\"\n\t\t\t id=\"modal-1-content\">\n\t\t\t\t\t\t\t\t<ul style=\"background-color: #751d1d; font-style:normal;font-weight:700;\" class=\"wp-block-navigation__container has-text-color has-background-color has-background is-responsive items-justified-center wp-block-navigation\"><li class=\" wp-block-navigation-item wp-block-navigation-link has-medium-font-size\"><a class=\"wp-block-navigation-item__content\"  href=\"https:\/\/www.bisbatdeterrassa.org\/\" target=\"_blank\"  ><span class=\"wp-block-navigation-item__label\">Bisbat de Terrassa<\/span><\/a><\/li><li class=\" wp-block-navigation-item wp-block-navigation-link has-medium-font-size\"><a class=\"wp-block-navigation-item__content\"  href=\"#contacte\" target=\"_blank\"  ><span class=\"wp-block-navigation-item__label\">Contactar amb la Delegaci\u00f3 d&#8217;Apostolat Seglar<\/span><\/a><\/li><\/ul><ul style=\"background-color: #751d1d; font-style:normal;font-weight:700;\" class=\"wp-block-navigation__container has-text-color has-background-color has-background is-responsive items-justified-center wp-block-navigation\"><li class=\"wp-block-navigation-item\">\n<ul class=\"wp-block-social-links has-icon-color is-style-logos-only is-layout-flex wp-block-social-links-is-layout-flex\"><li style=\"color:#ffffff;\" class=\"wp-social-link wp-social-link-twitter has-background-color wp-block-social-link\"><a href=\"https:\/\/twitter.com\/seglarterrassa\" class=\"wp-block-social-link-anchor\"><svg width=\"24\" height=\"24\" viewBox=\"0 0 24 24\" version=\"1.1\" xmlns=\"http:\/\/www.w3.org\/2000\/svg\" aria-hidden=\"true\" focusable=\"false\"><path d=\"M22.23,5.924c-0.736,0.326-1.527,0.547-2.357,0.646c0.847-0.508,1.498-1.312,1.804-2.27 c-0.793,0.47-1.671,0.812-2.606,0.996C18.324,4.498,17.257,4,16.077,4c-2.266,0-4.103,1.837-4.103,4.103 c0,0.322,0.036,0.635,0.106,0.935C8.67,8.867,5.647,7.234,3.623,4.751C3.27,5.357,3.067,6.062,3.067,6.814 c0,1.424,0.724,2.679,1.825,3.415c-0.673-0.021-1.305-0.206-1.859-0.513c0,0.017,0,0.034,0,0.052c0,1.988,1.414,3.647,3.292,4.023 c-0.344,0.094-0.707,0.144-1.081,0.144c-0.264,0-0.521-0.026-0.772-0.074c0.522,1.63,2.038,2.816,3.833,2.85 c-1.404,1.1-3.174,1.756-5.096,1.756c-0.331,0-0.658-0.019-0.979-0.057c1.816,1.164,3.973,1.843,6.29,1.843 c7.547,0,11.675-6.252,11.675-11.675c0-0.178-0.004-0.355-0.012-0.531C20.985,7.47,21.68,6.747,22.23,5.924z\"><\/path><\/svg><span class=\"wp-block-social-link-label screen-reader-text\">Twitter<\/span><\/a><\/li><\/ul>\n<\/li><\/ul>\n\t\t\t\t\t\t\t<\/div>\n\t\t\t\t\t\t<\/div>\n\t\t\t\t\t<\/div>\n\t\t\t\t<\/div><\/nav><\/div>\n<\/div>\n\n\n\n<div class=\"wp-block-columns alignwide is-layout-flex wp-container-core-columns-is-layout-28f84493 wp-block-columns-is-layout-flex\">\n<div class=\"wp-block-column is-layout-flow wp-block-column-is-layout-flow\" style=\"flex-basis:33.33%\">\n<figure class=\"wp-block-image size-full\"><img fetchpriority=\"high\" decoding=\"async\" width=\"2362\" height=\"1231\" src=\"https:\/\/www.seglarterrassa.org\/wp-content\/uploads\/2023\/03\/5f1e3-sin-titulo-1-horitzontal.jpg\" alt=\"\" class=\"wp-image-75\" srcset=\"https:\/\/www.seglarterrassa.org\/wp-content\/uploads\/2023\/03\/5f1e3-sin-titulo-1-horitzontal.jpg 2362w, https:\/\/www.seglarterrassa.org\/wp-content\/uploads\/2023\/03\/5f1e3-sin-titulo-1-horitzontal-300x156.jpg 300w, https:\/\/www.seglarterrassa.org\/wp-content\/uploads\/2023\/03\/5f1e3-sin-titulo-1-horitzontal-1024x534.jpg 1024w, https:\/\/www.seglarterrassa.org\/wp-content\/uploads\/2023\/03\/5f1e3-sin-titulo-1-horitzontal-768x400.jpg 768w, https:\/\/www.seglarterrassa.org\/wp-content\/uploads\/2023\/03\/5f1e3-sin-titulo-1-horitzontal-1536x801.jpg 1536w, https:\/\/www.seglarterrassa.org\/wp-content\/uploads\/2023\/03\/5f1e3-sin-titulo-1-horitzontal-2048x1067.jpg 2048w\" sizes=\"(max-width: 2362px) 100vw, 2362px\" \/><\/figure>\n<\/div>\n\n\n\n<div class=\"wp-block-column is-vertically-aligned-center is-layout-flow wp-block-column-is-layout-flow\" style=\"flex-basis:66.67%\">\n<p>T\u00e9 com a missi\u00f3 fomentar, ajudar i coordinar les diverses formes d\u2019apostolat seglar. Ajudar els laics de la di\u00f2cesi a viure la seva pertinen\u00e7a a l\u2019Esgl\u00e9sia i, &nbsp;la seva vocaci\u00f3 orientada a la transformaci\u00f3 de les realitats temporals i la seva inserci\u00f3 en la vida diocesana.<\/p>\n\n\n\n<div class=\"wp-block-columns is-not-stacked-on-mobile is-layout-flex wp-container-core-columns-is-layout-28f84493 wp-block-columns-is-layout-flex\">\n<div class=\"wp-block-column is-layout-flow wp-block-column-is-layout-flow\">\n<p class=\"has-text-align-center\"><\/p>\n<\/div>\n\n\n\n<div class=\"wp-block-column is-layout-flow wp-block-column-is-layout-flow\">\n<ul class=\"wp-block-social-links has-icon-color is-style-logos-only is-layout-flex wp-container-core-social-links-is-layout-e1df2458 wp-block-social-links-is-layout-flex\"><li style=\"color:#000000;\" class=\"wp-social-link wp-social-link-twitter has-foreground-color wp-block-social-link\"><a href=\"https:\/\/twitter.com\/seglarterrassa\" class=\"wp-block-social-link-anchor\"><svg width=\"24\" height=\"24\" viewBox=\"0 0 24 24\" version=\"1.1\" xmlns=\"http:\/\/www.w3.org\/2000\/svg\" aria-hidden=\"true\" focusable=\"false\"><path d=\"M22.23,5.924c-0.736,0.326-1.527,0.547-2.357,0.646c0.847-0.508,1.498-1.312,1.804-2.27 c-0.793,0.47-1.671,0.812-2.606,0.996C18.324,4.498,17.257,4,16.077,4c-2.266,0-4.103,1.837-4.103,4.103 c0,0.322,0.036,0.635,0.106,0.935C8.67,8.867,5.647,7.234,3.623,4.751C3.27,5.357,3.067,6.062,3.067,6.814 c0,1.424,0.724,2.679,1.825,3.415c-0.673-0.021-1.305-0.206-1.859-0.513c0,0.017,0,0.034,0,0.052c0,1.988,1.414,3.647,3.292,4.023 c-0.344,0.094-0.707,0.144-1.081,0.144c-0.264,0-0.521-0.026-0.772-0.074c0.522,1.63,2.038,2.816,3.833,2.85 c-1.404,1.1-3.174,1.756-5.096,1.756c-0.331,0-0.658-0.019-0.979-0.057c1.816,1.164,3.973,1.843,6.29,1.843 c7.547,0,11.675-6.252,11.675-11.675c0-0.178-0.004-0.355-0.012-0.531C20.985,7.47,21.68,6.747,22.23,5.924z\"><\/path><\/svg><span class=\"wp-block-social-link-label screen-reader-text\">Twitter<\/span><\/a><\/li><\/ul>\n<\/div>\n<\/div>\n<\/div>\n<\/div>\n\n\n\n<hr class=\"wp-block-separator has-alpha-channel-opacity\" style=\"margin-top:var(--wp--preset--spacing--50);margin-bottom:var(--wp--preset--spacing--50)\"\/>\n\n\n\n<div class=\"wp-block-media-text alignwide is-stacked-on-mobile has-background\" style=\"background:linear-gradient(135deg,rgba(184,20,20,0.12) 0%,rgba(215,215,215,0.34) 100%);margin-top:0;margin-bottom:0;padding-top:var(--wp--preset--spacing--40);padding-right:var(--wp--preset--spacing--40);padding-bottom:var(--wp--preset--spacing--40);padding-left:var(--wp--preset--spacing--40);font-style:normal;font-weight:200;grid-template-columns:15% auto\"><figure class=\"wp-block-media-text__media\"><a href=\"https:\/\/drive.google.com\/file\/d\/1hdEOgbBCK4H4r_DgbHuagHGM8iFaKSIq\/view?usp=sharing\" target=\"_blank\" rel=\" noreferrer noopener\"><img decoding=\"async\" width=\"299\" height=\"168\" src=\"https:\/\/www.seglarterrassa.org\/wp-content\/uploads\/2026\/01\/images.png\" alt=\"\" class=\"wp-image-5738 size-full\"\/><\/a><\/figure><div class=\"wp-block-media-text__content\">\n<p style=\"font-size:1.7rem\"><strong>CALENDARI CURS 25\/26<\/strong>: <a href=\"https:\/\/drive.google.com\/file\/d\/1hdEOgbBCK4H4r_DgbHuagHGM8iFaKSIq\/view?usp=sharing\" target=\"_blank\" rel=\"noreferrer noopener\">Descarrega&#8217;<\/a>l<\/p>\n<\/div><\/div>\n\n\n\n<h5 class=\"wp-block-heading alignwide has-large-font-size\">activitatS curs<\/h5>\n\n\n\n<div class=\"wp-block-columns alignwide is-layout-flex wp-container-core-columns-is-layout-c5ed4e73 wp-block-columns-is-layout-flex\" style=\"margin-top:0;margin-right:0;margin-bottom:0;margin-left:0\">\n<div class=\"wp-block-column is-layout-flow wp-block-column-is-layout-flow\" style=\"flex-basis:58%\">\n<figure class=\"wp-block-image size-large\"><img decoding=\"async\" width=\"1024\" height=\"476\" src=\"https:\/\/www.seglarterrassa.org\/wp-content\/uploads\/2026\/02\/BANNER-formacions-online-1024x476.png\" alt=\"\" class=\"wp-image-5848\" style=\"aspect-ratio:2.1513064133016626\" srcset=\"https:\/\/www.seglarterrassa.org\/wp-content\/uploads\/2026\/02\/BANNER-formacions-online-1024x476.png 1024w, https:\/\/www.seglarterrassa.org\/wp-content\/uploads\/2026\/02\/BANNER-formacions-online-300x139.png 300w, https:\/\/www.seglarterrassa.org\/wp-content\/uploads\/2026\/02\/BANNER-formacions-online-768x357.png 768w, https:\/\/www.seglarterrassa.org\/wp-content\/uploads\/2026\/02\/BANNER-formacions-online.png 1106w\" sizes=\"(max-width: 1024px) 100vw, 1024px\" \/><\/figure>\n<\/div>\n\n\n\n<div class=\"wp-block-column is-layout-flow wp-block-column-is-layout-flow\" style=\"flex-basis:42%\">\n<p><strong>Formacions on-line per al la\u00efcat<\/strong><br>Cada sessi\u00f3, 2 dimensions: formaci\u00f3 sobre la vocaci\u00f3-missi\u00f3 la\u00efcal i compartir viv\u00e8ncies concretes.<\/p>\n\n\n\n<p><a href=\"https:\/\/www.seglarterrassa.org\/wp-content\/uploads\/2026\/02\/cartell-formacions-online.pdf\" target=\"_blank\" rel=\"noreferrer noopener\">Cartell<\/a><br><a href=\"https:\/\/forms.gle\/xezmnjf7p2sM6cUw7\" target=\"_blank\" rel=\"noreferrer noopener\">Info i inscripcions aqu\u00ed<\/a><\/p>\n\n\n\n<p style=\"border-style:none;border-width:0px;padding-top:0;padding-right:0;padding-bottom:0;padding-left:0;font-size:0.8rem\">Es recomana inscriure\u2019s a totes les sessions, per\u00f2 tamb\u00e9 hi ha l\u2019opci\u00f3 de fer-les de manera individual si no \u00e9s possible assistir-hi totes.<\/p>\n\n\n\n<p style=\"border-style:none;border-width:0px;padding-top:0;padding-right:0;padding-bottom:0;padding-left:0;font-size:0.8rem\"><strong>1a sessi\u00f3: Fonaments b\u00edblics<\/strong> &#8211; <a href=\"https:\/\/youtu.be\/Dd5mZIennVs?si=kcYyfsGKRg0zwsE7\" target=\"_blank\" rel=\"noreferrer noopener\">veure video<\/a> &#8211; <a href=\"https:\/\/www.seglarterrassa.org\/wp-content\/uploads\/2026\/03\/DelGenLaicat_Sessions-Formacio-Encontre-missio-laicat_1ra-Fonaments-biblics-1.pdf\" target=\"_blank\" rel=\"noreferrer noopener\">descarrega document<\/a><br><strong>2a sessi\u00f3: Fonaments doctrinals<\/strong> &#8211; <a href=\"https:\/\/www.youtube.com\/watch?v=WoR-0LOpaIk\" target=\"_blank\" rel=\"noreferrer noopener\">veure video<\/a> &#8211; <a href=\"https:\/\/www.seglarterrassa.org\/wp-content\/uploads\/2026\/03\/SESSIO2-FONAMENTS-DOCTRINALS-DE-LA-VOCACIO-LAICAL.pdf\" target=\"_blank\" rel=\"noreferrer noopener\">descarrega document<\/a><br><strong>3a sessi\u00f3: Missi\u00f3<\/strong> &#8211; <a href=\"https:\/\/youtu.be\/W4hpZHjUFTM?si=6y_nEP1VzBCE_BkX\" target=\"_blank\" rel=\"noreferrer noopener\">veure confer\u00e8ncia<\/a> &#8211; <a href=\"https:\/\/www.seglarterrassa.org\/wp-content\/uploads\/2026\/04\/SESSIO3-MISSIO.pdf\" target=\"_blank\" rel=\"noreferrer noopener\">descarrega document<\/a> &#8211; <a href=\"https:\/\/youtu.be\/BNkgowNQ-EE\" target=\"_blank\" rel=\"noreferrer noopener\">resum conferencia<\/a><br><strong>4a sessi\u00f3: Concrecions diocesanes<\/strong> &#8211; <a href=\"https:\/\/youtu.be\/x0PdLdka1T8?si=IxsJ6U2utoMCFT4Z\" target=\"_blank\" rel=\"noreferrer noopener\">veure video<\/a> &#8211; <a href=\"https:\/\/www.seglarterrassa.org\/wp-content\/uploads\/2026\/04\/Poble-de-Deu-que-surt-a-lencontre-CAT-1.pdf\" target=\"_blank\" rel=\"noreferrer noopener\">document: Poble de D\u00e9u que surt a l&#8217;encontre<\/a> &#8211; <a href=\"https:\/\/www.seglarterrassa.org\/wp-content\/uploads\/2026\/04\/Separata-Material-grups-treball-de-document-Poble-de-Deu-que-surt-a-lencontre-CAT-2.pdf\" target=\"_blank\" rel=\"noreferrer noopener\">material de treball del document<\/a><br><\/p>\n<\/div>\n<\/div>\n\n\n\n<div style=\"height:26px\" aria-hidden=\"true\" class=\"wp-block-spacer\"><\/div>\n\n\n\n<hr class=\"wp-block-separator has-alpha-channel-opacity is-style-wide\" style=\"margin-top:var(--wp--preset--spacing--60);margin-bottom:var(--wp--preset--spacing--60)\"\/>\n\n\n\n<div class=\"wp-block-media-text alignwide is-stacked-on-mobile\"><figure class=\"wp-block-media-text__media\"><img loading=\"lazy\" decoding=\"async\" width=\"1024\" height=\"261\" src=\"https:\/\/www.seglarterrassa.org\/wp-content\/uploads\/2026\/01\/delegacio-laicat_info-reces-gener-2026-i-formulari-inscripcio-offline_ok-1024x261.jpg\" alt=\"\" class=\"wp-image-5733 size-full\" srcset=\"https:\/\/www.seglarterrassa.org\/wp-content\/uploads\/2026\/01\/delegacio-laicat_info-reces-gener-2026-i-formulari-inscripcio-offline_ok-1024x261.jpg 1024w, https:\/\/www.seglarterrassa.org\/wp-content\/uploads\/2026\/01\/delegacio-laicat_info-reces-gener-2026-i-formulari-inscripcio-offline_ok-300x76.jpg 300w, https:\/\/www.seglarterrassa.org\/wp-content\/uploads\/2026\/01\/delegacio-laicat_info-reces-gener-2026-i-formulari-inscripcio-offline_ok-768x196.jpg 768w, https:\/\/www.seglarterrassa.org\/wp-content\/uploads\/2026\/01\/delegacio-laicat_info-reces-gener-2026-i-formulari-inscripcio-offline_ok-1536x391.jpg 1536w, https:\/\/www.seglarterrassa.org\/wp-content\/uploads\/2026\/01\/delegacio-laicat_info-reces-gener-2026-i-formulari-inscripcio-offline_ok-2048x522.jpg 2048w\" sizes=\"(max-width: 1024px) 100vw, 1024px\" \/><\/figure><div class=\"wp-block-media-text__content\">\n<p>Mat\u00ed de&nbsp;<strong>rec\u00e9s quaresmal&nbsp;<\/strong>en clau laical<br>Dirigit pel nostre bisbe Salvador CristauDiumenge 22 de mar\u00e7 de 9.30 a 13h<br>Al col\u00b7legi Pureza de Maria (Sant Cugat del Vall\u00e8s)<br><a href=\"https:\/\/www.seglarterrassa.org\/wp-content\/uploads\/2026\/03\/cartell_reces_quaresma2026-1.pdf\" target=\"_blank\" rel=\"noreferrer noopener\">Cartell<\/a> &#8211; <a href=\"https:\/\/forms.gle\/bt3upaAhZPTqMNyY6\" target=\"_blank\" rel=\"noreferrer noopener\">Inscripcions<\/a><\/p>\n<\/div><\/div>\n\n\n\n<h5 class=\"wp-block-heading alignwide has-large-font-size\">RECOMANEM<\/h5>\n\n\n\n<div class=\"wp-block-media-text alignwide is-stacked-on-mobile has-background\" style=\"background-color:#ececec;padding-right:var(--wp--preset--spacing--50);padding-left:var(--wp--preset--spacing--50);grid-template-columns:36% auto\"><figure class=\"wp-block-media-text__media\"><img loading=\"lazy\" decoding=\"async\" width=\"855\" height=\"482\" src=\"https:\/\/www.seglarterrassa.org\/wp-content\/uploads\/2026\/02\/banner-cb-i-cbu.png\" alt=\"\" class=\"wp-image-5854 size-full\" srcset=\"https:\/\/www.seglarterrassa.org\/wp-content\/uploads\/2026\/02\/banner-cb-i-cbu.png 855w, https:\/\/www.seglarterrassa.org\/wp-content\/uploads\/2026\/02\/banner-cb-i-cbu-300x169.png 300w, https:\/\/www.seglarterrassa.org\/wp-content\/uploads\/2026\/02\/banner-cb-i-cbu-768x433.png 768w\" sizes=\"(max-width: 855px) 100vw, 855px\" \/><\/figure><div class=\"wp-block-media-text__content\">\n<p class=\"has-medium-font-size\"><strong>L\u2019eix central: El cam\u00ed d\u2019Emma\u00fas<\/strong><br>En aquesta ocasi\u00f3, es convida a tots els participants a la lectura i l\u2019aprofundiment del passatge de l\u2019<strong>Evangeli de Lluc<\/strong>&nbsp;que narra l\u2019aparici\u00f3 de Jes\u00fas als dos deixebles que caminaven cap a Emma\u00fas. Aquest relat \u00e9s una invitaci\u00f3 a descobrir un D\u00e9u proper que es fa present en el nostre caminar diari.<br>+ info al <a href=\"https:\/\/concursbiblic.com\/\" target=\"_blank\" rel=\"noreferrer noopener\">web del Concurs B\u00edblic<\/a><\/p>\n<\/div><\/div>\n\n\n\n<hr class=\"wp-block-separator has-alpha-channel-opacity is-style-wide\" style=\"margin-top:var(--wp--preset--spacing--60);margin-bottom:var(--wp--preset--spacing--60)\"\/>\n\n\n\n<h5 class=\"wp-block-heading alignwide has-large-font-size\">materialS<\/h5>\n\n\n\n<div class=\"wp-block-media-text alignwide is-stacked-on-mobile has-background\" style=\"background-color:#ececec;grid-template-columns:52% auto\"><figure class=\"wp-block-media-text__media\"><img loading=\"lazy\" decoding=\"async\" width=\"1024\" height=\"301\" src=\"https:\/\/www.seglarterrassa.org\/wp-content\/uploads\/2026\/02\/banner-jornada-as-1024x301.png\" alt=\"\" class=\"wp-image-5850 size-full\" srcset=\"https:\/\/www.seglarterrassa.org\/wp-content\/uploads\/2026\/02\/banner-jornada-as-1024x301.png 1024w, https:\/\/www.seglarterrassa.org\/wp-content\/uploads\/2026\/02\/banner-jornada-as-300x88.png 300w, https:\/\/www.seglarterrassa.org\/wp-content\/uploads\/2026\/02\/banner-jornada-as-768x226.png 768w, https:\/\/www.seglarterrassa.org\/wp-content\/uploads\/2026\/02\/banner-jornada-as.png 1104w\" sizes=\"(max-width: 1024px) 100vw, 1024px\" \/><\/figure><div class=\"wp-block-media-text__content\">\n<p><strong>XI Jornada Apostolat Seglar de Catalunya<\/strong><br>Dissabte dia 28 de febrer 2026 a Lleida<br><a href=\"https:\/\/youtu.be\/W4hpZHjUFTM\" target=\"_blank\" rel=\"noreferrer noopener\">Visualitza la pon\u00e8ncia<\/a>: Cridats a sortir al m\u00f3n &#8211; a c\u00e0rrec del Dr. Fernando Vidal, soci\u00f2leg<br><a href=\"https:\/\/www.seglarterrassa.org\/wp-content\/uploads\/2026\/03\/TROBADA-CIAS-2026-EL-IMPODER-DE-LOS-CRISTIANOS-EN-LA-VIDA-PUBLICA.pdf\" target=\"_blank\" rel=\"noreferrer noopener\">Descarrega el document de treball<\/a><\/p>\n<\/div><\/div>\n\n\n\n<div class=\"wp-block-media-text alignwide is-stacked-on-mobile has-background\" style=\"background-color:#ececec;grid-template-columns:22% auto\"><figure class=\"wp-block-media-text__media\"><img loading=\"lazy\" decoding=\"async\" width=\"1024\" height=\"1024\" src=\"https:\/\/www.seglarterrassa.org\/wp-content\/uploads\/2025\/01\/Lgo-HD-1024x1024.png\" alt=\"\" class=\"wp-image-2189 size-full\" srcset=\"https:\/\/www.seglarterrassa.org\/wp-content\/uploads\/2025\/01\/Lgo-HD-1024x1024.png 1024w, https:\/\/www.seglarterrassa.org\/wp-content\/uploads\/2025\/01\/Lgo-HD-300x300.png 300w, https:\/\/www.seglarterrassa.org\/wp-content\/uploads\/2025\/01\/Lgo-HD-150x150.png 150w, https:\/\/www.seglarterrassa.org\/wp-content\/uploads\/2025\/01\/Lgo-HD-768x768.png 768w, https:\/\/www.seglarterrassa.org\/wp-content\/uploads\/2025\/01\/Lgo-HD-1536x1536.png 1536w, https:\/\/www.seglarterrassa.org\/wp-content\/uploads\/2025\/01\/Lgo-HD-2048x2048.png 2048w\" sizes=\"(max-width: 1024px) 100vw, 1024px\" \/><\/figure><div class=\"wp-block-media-text__content\">\n<p class=\"has-medium-font-size\"><a href=\"https:\/\/www.iubilaeum2025.va\/es\/giubileo-2025.html\" target=\"_blank\" rel=\"noreferrer noopener\">Web oficial del Jubileu 2025<\/a><\/p>\n\n\n\n<p class=\"has-medium-font-size\"><a href=\"https:\/\/www.seglarterrassa.org\/?page_id=2258\" target=\"_blank\" rel=\"noreferrer noopener\"><strong>Materials varis per a celebrar i viure el Jubileu<\/strong><\/a><br>(preg\u00e0ria, himne, partitures, formaci\u00f3\u2026)<\/p>\n\n\n\n<p><\/p>\n<\/div><\/div>\n\n\n\n<div class=\"wp-block-media-text alignwide is-stacked-on-mobile has-background\" style=\"background-color:#ececec;grid-template-columns:23% auto\"><figure class=\"wp-block-media-text__media\"><img loading=\"lazy\" decoding=\"async\" width=\"432\" height=\"270\" src=\"https:\/\/www.seglarterrassa.org\/wp-content\/uploads\/2024\/03\/logo-epa.png\" alt=\"\" class=\"wp-image-739 size-full\" srcset=\"https:\/\/www.seglarterrassa.org\/wp-content\/uploads\/2024\/03\/logo-epa.png 432w, https:\/\/www.seglarterrassa.org\/wp-content\/uploads\/2024\/03\/logo-epa-300x188.png 300w\" sizes=\"(max-width: 432px) 100vw, 432px\" \/><\/figure><div class=\"wp-block-media-text__content\">\n<p class=\"has-medium-font-size\"><strong>Conclusions <\/strong> <strong>&#8220;Encuentro sobre el Primer Anuncio&#8221; (Madrid, 17 i 18 de febrer de 2024)<\/strong><br><a href=\"https:\/\/www.seglarterrassa.org\/wp-content\/uploads\/2025\/02\/Compendi-trobada-EPA24.pdf\" target=\"_blank\" rel=\"noreferrer noopener\">Compendi<\/a><br><a href=\"https:\/\/www.youtube.com\/live\/bwamRT17SvI?feature=shared\" target=\"_blank\" rel=\"noreferrer noopener\">Preg\u00e0ria i pon\u00e8ncia final<\/a><br>Per a m\u00e9s materials, <a href=\"https:\/\/laicos.conferenciaepiscopal.es\/epa24\/\" target=\"_blank\" rel=\"noreferrer noopener\">consulta al web oficial<\/a><\/p>\n\n\n\n<p><\/p>\n<\/div><\/div>\n\n\n\n<hr class=\"wp-block-separator has-alpha-channel-opacity\"\/>\n\n\n\n<div class=\"wp-block-group alignfull is-layout-constrained wp-block-group-is-layout-constrained\">\n<div class=\"wp-block-group alignfull has-text-color has-background is-vertical is-content-justification-center is-layout-flex wp-container-core-group-is-layout-7cf32f6b wp-block-group-is-layout-flex\" id=\"contacte\" style=\"color:#000000;background-color:#f8f9f9;padding-top:100px;padding-bottom:100px\">\n<div class=\"wp-block-columns alignwide is-layout-flex wp-container-core-columns-is-layout-c4677a31 wp-block-columns-is-layout-flex\">\n<div class=\"wp-block-column is-layout-flow wp-block-column-is-layout-flow\" style=\"flex-basis:33.33%\">\n<h1 class=\"wp-block-heading\" style=\"margin-top:0px;font-size:53px;line-height:1.1\">Contactar<\/h1>\n\n\n\n<p style=\"line-height:1.65\">Per a qualsevol dubte podeu contactar amb nosaltres a trav\u00e9s d&#8217;aquest formulari o per mail a seglarterrassa@gmail.com<\/p>\n<\/div>\n\n\n\n<div class=\"wp-block-column is-layout-flow wp-block-column-is-layout-flow\" style=\"flex-basis:66.66%\"><div class=\"wp-block-jetpack-contact-form\"><a href=\"https:\/\/www.seglarterrassa.org\/\" target=\"_blank\" rel=\"noopener noreferrer\">Envia un formulari.<\/a><\/div><\/div>\n<\/div>\n<\/div>\n<\/div>\n","protected":false},"excerpt":{"rendered":"<p>T\u00e9 com a missi\u00f3 fomentar, ajudar i coordinar les diverses formes d\u2019apostolat seglar. Ajudar els laics de la di\u00f2cesi a viure la seva pertinen\u00e7a a l\u2019Esgl\u00e9sia i, &nbsp;la seva vocaci\u00f3 orientada a la transformaci\u00f3 de les realitats temporals i la seva inserci\u00f3 en la vida diocesana. CALENDARI CURS 25\/26: Descarrega&#8217;l activitatS curs Formacions on-line per [&hellip;]<\/p>\n","protected":false},"author":1,"featured_media":0,"parent":0,"menu_order":0,"comment_status":"closed","ping_status":"closed","template":"","meta":{"footnotes":""},"class_list":["post-2186","page","type-page","status-publish","hentry"],"jetpack_sharing_enabled":true,"_links":{"self":[{"href":"https:\/\/www.seglarterrassa.org\/index.php?rest_route=\/wp\/v2\/pages\/2186","targetHints":{"allow":["GET"]}}],"collection":[{"href":"https:\/\/www.seglarterrassa.org\/index.php?rest_route=\/wp\/v2\/pages"}],"about":[{"href":"https:\/\/www.seglarterrassa.org\/index.php?rest_route=\/wp\/v2\/types\/page"}],"author":[{"embeddable":true,"href":"https:\/\/www.seglarterrassa.org\/index.php?rest_route=\/wp\/v2\/users\/1"}],"replies":[{"embeddable":true,"href":"https:\/\/www.seglarterrassa.org\/index.php?rest_route=%2Fwp%2Fv2%2Fcomments&post=2186"}],"version-history":[{"count":39,"href":"https:\/\/www.seglarterrassa.org\/index.php?rest_route=\/wp\/v2\/pages\/2186\/revisions"}],"predecessor-version":[{"id":6104,"href":"https:\/\/www.seglarterrassa.org\/index.php?rest_route=\/wp\/v2\/pages\/2186\/revisions\/6104"}],"wp:attachment":[{"href":"https:\/\/www.seglarterrassa.org\/index.php?rest_route=%2Fwp%2Fv2%2Fmedia&parent=2186"}],"curies":[{"name":"wp","href":"https:\/\/api.w.org\/{rel}","templated":true}]}}